*r + r - 58 = 0. Is r + (2 - -1 - 3) a prime number?
False
Suppose 0 = 2*b - 3*b + 21. Is b a composite number?
True
Let y(w) be the second derivative of w**4/12 - 7*w**3/6 + 9*w**2/2 - w. Let a be y(6). Suppose 0*s - a*s = -249. Is s a composite number?
False
Let s(a) = a**3 + 6*a**2 + 2*a - 2. Let i be s(-2). Let h be (i*1)/(4/56). Suppose 6*y - h = 2*y. Is y a prime number?
False
Suppose -65 = 8*f - 457. Is f a composite number?
True
Suppose b - 2*b + 11065 = 4*o, 0 = 4*b + 12. Is o a composite number?
False
Let h(d) = -13 - 3*d**3 + 3*d**3 + 10*d**2 + 2*d - d**3. Is h(10) a composite number?
False
Let q(x) = -4*x - 7. Let p be q(-3). Suppose -p*w = -5*g - 635, -6*g + 2*g + 635 = 5*w. Is w a prime number?
True
Suppose -8*n = 243 - 5275. Is n a composite number?
True
Is 2706/(-4)*4/(-6) a composite number?
True
Let o(l) be the first derivative of l**3/3 + 5*l**2/2 - 7*l + 1. Is o(-11) a prime number?
True
Let q(j) be the third derivative of j**5/12 + j**4/8 + 11*j**3/6 + j**2. Is q(-8) composite?
False
Let k(x) = -2*x**2 + 27*x - 5. Let r(y) = 3*y**2 - 40*y + 8. Let v be -7*(3 + (-1 - 1)). Let u(p) = v*k(p) - 5*r(p). Is u(4) composite?
False
Suppose 3*n + 17221 = -4814. Is n/(-7) - (-6)/(-21) prime?
True
Let p(l) = -l + 9. Let d be p(7). Suppose -5*s - 455 = -3*j, -s = d*j + j - 467. Is j composite?
True
Suppose -191 = 4*g - 671. Let o = g + 59. Is o prime?
True
Is (-4 + 6)/(2/89) a composite number?
False
Let b = 47 - 42. Let o(j) = -j**2 + 1. Let y be o(-1). Suppose y*f + b*f - 455 = 0. Is f composite?
True
Let g(k) = -k + 19. Suppose 0 = 5*j + 17 - 2. Let q(c) = c**2 + 2*c - 3. Let m be q(j). Is g(m) a composite number?
False
Let x = 8 - 3. Suppose -2*t = -4*t - k + 8, -3*t - x*k + 19 = 0. Suppose -t*m + 495 = -4*z, 3*m + z - 177 = 333. Is m composite?
True
Let l be (-6 - -4)*(-5605)/(-2). Let x be l/(-7) - (-2)/7. Suppose -8*m = -4*m - 5*c - x, -791 = -4*m - 5*c. Is m prime?
True
Suppose -o - 25 = -6*o. Suppose 1829 = o*r + 2*m, -3*r + 3*m = m - 1091. Is r composite?
True
Suppose -2*h + 3 = -h. Suppose -207 - 24 = -h*q. Is q a prime number?
False
Let o be 17/(-2) - (-7)/(-14). Let v(h) = 3*h**2 + 6*h + 8. Let w be v(o). Let f = w - 140. Is f a composite number?
True
Is (5 + -4 + 0)*263 composite?
False
Let g = 14 + -9. Suppose -g*c + 2*l = -165, 3*c = -2*c + 5*l + 165. Is c composite?
True
Suppose -2*s - 27 = -5*s. Suppose z = s + 24. Is z composite?
True
Let g be ((-16)/(-2))/((-14)/(-1113)). Let n = -214 + g. Suppose 2*h - n = -0*h. Is h a prime number?
True
Suppose -2*w + 5714 = 4*s, -3*w + 2*s + 7092 + 1495 = 0. Is w a prime number?
True
Let w(u) = 2*u**2 - 5*u - 2. Let v be w(4). Suppose 1 = -l, -3*l - 5 - v = -3*c. Is 74/c - (-3)/6 composite?
False
Suppose 0 = -2*o - 4*n + 433 + 169, 0 = 4*o + n - 1225. Is o a prime number?
True
Let k = 232 + -120. Let m = k - 69. Is m a composite number?
False
Let v = 10 + -7. Suppose v*w = -0*w + 57. Is w composite?
False
Let g = 23 - 41. Let i = 30 + g. Suppose 3*b - i = 0, 7 = -2*o + b + 17. Is o prime?
True
Suppose -4*s = 4*i - 16, 4*i = -0*i - 3*s + 14. Let b be (-3 + -5)*(-1)/2. Suppose -b*y + 139 = 3*j, -y - i*j + 35 - 4 = 0. Is y composite?
False
Let g = -3 + 1. Let p be 119/35 - g/(-5). Suppose h + h + 5*y = 281, -p*h + 4*y + 387 = 0. Is h composite?
True
Let d = -3263 + 5484. Is d a composite number?
False
Let g be 3 - 1 - 4/2. Let n be (2 + g)*(-55)/(-2). Let y = n - -12. Is y a composite number?
False
Let a = 5 + -3. Let t be (-10)/a*4/10. Let f(n) = -23*n + 1. Is f(t) a composite number?
False
Suppose 0 = -4*b - 0*b + 2*n + 152, -3*b = n - 114. Is b composite?
True
Let m(h) be the third derivative of -h**6/120 - h**5/60 - h**4/12 + h**3/2 - 2*h**2. Is m(-5) prime?
True
Let m(d) = -158*d**3 + d**2. Is m(-1) a prime number?
False
Suppose -6*v - 313 = -11*v + 4*l, l - 303 = -5*v. Let p(w) = -4*w - 4. Let d be p(6). Let k = d + v. Is k a prime number?
False
Suppose -u - 3*s - 6 = 0, 2*u = -2*s - 3 - 1. Let x(z) = z**3 + z**2 - z + 35. Is x(u) prime?
False
Let j = 83 - 6. Is j a prime number?
False
Let k(c) = 3*c + 4*c + 6 - 1. Let b be k(-6). Let t = b + 84. Is t a prime number?
True
Let m(y) = 6*y + 7. Let c be 1 - (-2 + 1)/(-1). Suppose -j + c*j + 5 = 0. Is m(j) a prime number?
True
Suppose 4*j - 2*j - 170 = 0. Let u = 162 - j. Is u a composite number?
True
Let h be 1 - 2 - (-7 + 1). Suppose 6 + 10 = 4*a. Suppose 0 = 4*t - t + 9, a*t - 143 = -h*j. Is j composite?
False
Suppose 0 = -z - 4*y - 8, 4*z - 28 = y + 3*y. Is (-2157)/(-12) - 3/z a composite number?
False
Suppose 123 = 2*z - 0*i + 3*i, z + 5*i = 72. Is z composite?
True
Let r(s) be the third derivative of s**4/8 - 4*s**3/3 + 3*s**2. Is r(6) prime?
False
Let c = -35 + 313. Let z = c + -135. Is z prime?
False
Let g(f) = -152*f + 3. Is g(-2) prime?
True
Let o(h) = h + 33. Let a be o(0). Suppose 4*g = -3*g + 154. Let f = a - g. Is f prime?
True
Let u be (-2)/(0 + -2) - 7. Let m(c) = -5*c - 7. Is m(u) composite?
False
Let y(g) = 6*g**2 + 15*g + 17. Is y(12) composite?
False
Let c = 1602 - 663. Is c composite?
True
Suppose -418 - 497 = 5*x. Let w = x + 312. Is w prime?
False
Suppose -226 = -u - 3*m, 4*u + 186 = 5*u - 5*m. Is u a prime number?
True
Let k be (10/3)/(10/15). Suppose 0 = k*t - 2*t - 12. Suppose -3*r + 4*v + 349 = 0, t*r - 462 = -3*v + 5*v. Is r a composite number?
True
Suppose 4*x = 401 + 1403. Is x composite?
True
Suppose 0 = 6*m - 885 - 933. Is m prime?
False
Let m(s) = 35*s**3 + 4*s**2 - 4*s + 3. Is m(4) a composite number?
True
Let b(n) = -8*n**3 - 3*n**2 + n + 2. Let h be b(-2). Let m = h - 75. Let f = m - -38. Is f a composite number?
True
Let i = -6 + 7. Let l be i - 1 - (-30)/3. Let f = l - -21. Is f composite?
False
Let z = 103 - 72. Is z a composite number?
False
Let a be 14/21 - (-3152)/6. Let c be (-6)/(1 + 2) + a. Is c/9 + 8/(-36) a prime number?
False
Let u be (-3 - -5)/(2/(-4)). Suppose 0 = -4*o + 3*d - 0*d - 156, 2*o + 3*d + 78 = 0. Let m = u - o. Is m a composite number?
True
Let n be 3/9 - 106/(-6). Let b(r) = r**3 - 4*r**2 - r. Let c be b(4). Let w = n + c. Is w composite?
True
Let a = 7 + -4. Let h(c) = 17*c + 4. Is h(a) prime?
False
Let d(z) be the second derivative of z**4/3 - 2*z**3/3 + 3*z**2/2 + 2*z. Is d(5) composite?
False
Let v be (30/(-5))/((-2)/214). Suppose 0 = 2*y + 268 - v. Is y a prime number?
False
Let h(v) = v**3 + 12*v**2 + v + 9. Is h(-7) composite?
True
Let h(c) = c + 575. Let q be h(0). Suppose 1941 = 2*w + q. Is w composite?
False
Let o(d) = -26*d + 2. Let a be o(-3). Suppose -4*q - a = 4*n, 5*q + 2*n = -65 - 38. Is (0 + q/(-3))*19 composite?
True
Is (-13 - -12)/((-2)/662) a prime number?
True
Let y = 2783 - 1914. Is y a prime number?
False
Suppose 0 = -4*j - 8, -21695 = -5*s + j - 6*j. Suppose -1831 = -4*u + s. Is u composite?
False
Suppose 3*t = 4*a + 221, -2*t + 149 = 2*a - 5*a. Is t a prime number?
True
Is (83/(-3))/(11/(-66)) composite?
True
Let f be (-18)/12 + 21/(-2). Is 30*(-3)/f*2 a prime number?
False
Let q(c) = -c**3 + 6*c**2 + 9*c - 8. Suppose 11 = 3*n + 4*m + 35, -2*n = 3*m + 16. Let u be (-23)/(-3) + n/12. Is q(u) a composite number?
True
Let i(v) = 5*v**2 - 11*v + 3. Is i(8) composite?
True
Is (-259)/(1*(1 - 2)) prime?
False
Let h be (20/15)/((-2)/6). Let f = -3 - h. Is (-3)/((-3)/15*f) a prime number?
False
Let n = 453 + -160. Is n a prime number?
True
Let t = -25 - -38. Is t composite?
False
Suppose -5*v = 2*p + 2 - 1, 2*v = -p. Suppose 5*t + 2*y = 105, t - 10 - 3 = -p*y. Is t composite?
False
Let q(f) be the first derivative of -3 + f + 119/3*f**3 - 1/2*f**2. Is q(1) a prime number?
False
Suppose 0 = -2*a + 6 - 2. Suppose 0*v + a*v - 542 = 2*j, -10 = 5*j. Is v composite?
False
Is -1 - -35 - 0/(-9) prime?
False
Let b(k) = -16*k**3 - 4*k + 13. Is b(-6) composite?
True
Suppose -3961 = -4*d - 1365. Is d a prime number?
False
Let f(x) = 0 - 1 - 8*x**2 + 3*x**3 - 2*x**3 + 3*x - 2*x. Is f(8) a composite number?
False
Let s(h) be the third derivative of -h**4/12 - h**3/2 - h**2. Is s(-8) a prime number?
True
Let p(r) = r**3 - 16*r**2 - 17*r - 41. Is p(20) prime?
False
Suppose -30 = -2*n + 3*u, 7 - 22 = -n - 4*u. Let z = 21 - n. Is z composite?
True
Suppose -8*r = -9*r - 2. Suppose -5*v - 70 = -5*q - 3*v, -5*q + 75 = -3*v. Is r/((q/(-111))/2) a composite number?
False
